 Let f = a - -298. List the prime factors of f.
2, 31
Let o = -2949 + 10441. What are the prime factors of o?
2, 1873
Suppose 0 = 50*m - 45*m - 2*k - 38733, 2*m = 4*k + 15506. List the prime factors of m.
5, 1549
Let s(z) = 2395*z + 251. Let x be s(-5). List the prime factors of (-2)/(-7) - (-13)/((-364)/x).
419
Let b = 55811 + -32978. What are the prime factors of b?
3, 43, 59
List the prime factors of 5 - (-9 + 5 + -169).
2, 89
Let a(b) = 25*b - 47. Let v(k) = 48*k - 91. Let f(t) = 7*a(t) - 4*v(t). List the prime factors of f(-9).
2, 47
Suppose -2*k = -38 - 22. Let a = -57 + k. Let t = a - -111. List the prime factors of t.
2, 3, 7
Let b be 48/27 + ((-40)/(-18) - 2). Suppose -4*i + 1550 = -i + w, -b*i - 3*w = -1024. What are the prime factors of i?
2, 7, 37
Let l be 122/((-10)/(-5)) - 3. Suppose a - l + 36 = 0. Let u = 294 - a. List the prime factors of u.
2, 17
Let z = 26334 - -4282. List the prime factors of z.
2, 43, 89
Let k = -12 + 16. Let o(s) = -10*s - 30. Let w be o(-7). Suppose w = -2*t - k*q + 188, -t + 68 = -4*q. What are the prime factors of t?
2, 3
Suppose 4*q - 3*q + 74 = 0. Let x = q - -64. Let o(s) = -16*s - 23. What are the prime factors of o(x)?
137
Suppose -j - 8 = -2*g, -2*g + 5*g + 4*j + 10 = 0. Suppose -6895 = -5*x + 2*o + 5549, g*o + 7464 = 3*x. What are the prime factors of (x/25)/6 + (-2)/(-5)?
17
Suppose -5*k + 17*k - 92268 = 0. What are the prime factors of k?
3, 11, 233
Let m(n) = 173*n**3 + 15*n**2 + 12*n - 9. List the prime factors of m(3).
3, 179
Let v(p) be the third derivative of 2/3*p**3 + 0*p - 31/12*p**4 + 0 + 27*p**2. What are the prime factors of v(-2)?
2
Suppose 0 = -195*p + 19*p + 1710722 + 5419918. List the prime factors of p.
3, 5, 37, 73
Let r = 120 - 111. Suppose -4*j - c = -28, -6*j - 2*c - 10 = -r*j. Let n(s) = 24*s - 42. List the prime factors of n(j).
2, 3, 17
Suppose -2*l = 6*l - 32. Suppose -46 = -l*j + 6. Let b = 49 + j. What are the prime factors of b?
2, 31
Let p(g) be the third derivative of g**4/3 + 32*g**3/3 - 288*g**2. Suppose -5*r + 2*s = -87, 2*r + r - 4*s = 41. What are the prime factors of p(r)?
2, 3
Let l(j) = 16090*j - 1565. What are the prime factors of l(3)?
5, 9341
Let y(a) be the third derivative of -a**4/8 - 6*a**3 + 17*a**2. Let d be y(-8). Let s(u) = u**2 + 6*u - 11. What are the prime factors of s(d)?
61
List the prime factors of (-370)/((-22)/(63360/20)).
2, 3, 5, 37
Suppose g - 28667 = -t, -2*g - 83520 = 5*t - 226870. What are the prime factors of t?
2, 7
Let y(b) = -188*b - 152. List the prime factors of y(-36).
2, 827
Suppose 4*f = 3*f + 5485. Suppose 4*v = 6*v - 5*o - 2208, -5*o + f = 5*v. List the prime factors of v.
7, 157
Suppose 3*y = -2*q - 2, 0 = -5*y + 4 - 24. Suppose 4*b - z = 15 + 15, q*z + 10 = 0. Suppose -b*v + 380 = -2*v. What are the prime factors of v?
2, 19
Suppose 2*g - 364 = -2*z, -z - 752 = -5*z + 2*g. Suppose -z*h + 548 = -185*h. List the prime factors of h.
2, 137
Let y(j) = 19*j**2 + 5*j - 92. Suppose -9*k - 1114 = -1186. List the prime factors of y(k).
2, 3, 97
List the prime factors of (1350/(-10))/45 - (0 - 43447).
2, 10861
Suppose -5*m + 3*g + 4 = -m, -2*m - 3*g = -20. Suppose 0 = -2*n + n - 2*p + 168, 4*n = m*p + 660. Suppose 2*i - n - 12 = 0. List the prime factors of i.
89
Let w = -85658 - -129556. What are the prime factors of w?
2, 47, 467
Suppose 5*x - 37569 = -3*q + 205241, 5*x = 2*q - 161840. What are the prime factors of q?
2, 5, 8093
Let y be 6/36*-4*12/(-2). Suppose -y*h + 3*u = -168, 0 = 4*h - h - u - 126. What are the prime factors of h?
2, 3, 7
Let j = -255 - -249. List the prime factors of ((-36)/3)/j - (-236 - 0).
2, 7, 17
Suppose 0*j + j - 2*p = 1, -p = 4*j + 14. Let z be 4/2 + -5 - j. Suppose z = 3*v + v - 140. What are the prime factors of v?
5, 7
Let u be 3*20/(-45)*(-42)/4. Suppose u*s - 13*s = 1038. Suppose 14*x - 20*x = -s. List the prime factors of x.
173
Suppose w - 3*v - 43 = v, 259 = 5*w + 2*v. Suppose -u = 4*j + w, -2*j - j - 230 = 4*u. Let r = u - -93. What are the prime factors of r?
2, 17
Suppose -4*x + 0*k + 2*k + 16 = 0, -5*k = x - 4. Let m be (-71)/((x/1)/(-8)). Suppose -5*c - m + 697 = 0. List the prime factors of c.
3, 37
Suppose 16*i = 69 - 469. Let l(f) = -f**3 - 26*f**2 - 30*f - 15. What are the prime factors of l(i)?
2, 5, 11
Let j(y) = y**3 - 6*y**2 + 3*y - 14. Let v be j(6). Suppose -5*g - 2*t = -t + 455, -v*t = g + 72. Let k = 73 - g. What are the prime factors of k?
3, 5, 11
Let r = 1293 + 1117. Suppose -5*v - 860 = -r. Let k = v + -199. What are the prime factors of k?
3, 37
Suppose v - 3*a - 2*a - 4807 = 0, -v + a = -4795. List the prime factors of v.
2, 599
Let c(b) = -b - 22. Let o(m) = 6*m + 112. Let q(s) = -11*c(s) - 2*o(s). Let v = 23 + -40. What are the prime factors of q(v)?
5, 7
Let g be 24/20*(-11 + 6). List the prime factors of (-467)/(-1) - (-11 + 13 + g).
3, 157
Let x(g) = -g**2 - 10*g - 9. Let v be x(-7). Let m be 10*-2*(-3)/v. Suppose 0 = -2*u + 4*u + 2*p - 114, -265 = -m*u + 5*p. List the prime factors of u.
5, 11
Let t = 9403 + -3361. What are the prime factors of t?
2, 3, 19, 53
Let c(a) = 135*a**3 - a**2 - 15*a + 13. List the prime factors of c(4).
3, 953
Suppose 78*q = 47*q + 174778. List the prime factors of q.
2, 2819
Let m = 103 - 930. Let o = 1375 + m. Suppose 4*n - 2*n + 4*b = o, 1112 = 4*n + 4*b. What are the prime factors of n?
2, 3, 47
Let j = 46 + -45. Let r be (3 - (8 + -8)) + 163*j. Let d = r - 84. List the prime factors of d.
2, 41
Let s(d) = 51*d**2 + 113*d + 303. What are the prime factors of s(-20)?
18443
Let s(q) = -2*q**3 + 211*q**2 - 130*q + 8. What are the prime factors of s(103)?
3, 13, 113
Let i = -11043 - -11670. What are the prime factors of i?
3, 11, 19
Suppose -11*p - 52997 = -71*p + 582943. List the prime factors of p.
3, 3533
Let x(v) = -v**2 - 9*v + 11. Let i be x(-9). Suppose i*z + 870 = 5*z. Let h = z - -231. List the prime factors of h.
2, 43
Let n = 1581 + 4584. What are the prime factors of n?
3, 5, 137
Suppose -b + 3*o + 4551 = 0, -o + 7057 = -5*b + 29826. List the prime factors of b.
2, 3, 11, 23
Let a(b) = -3*b**2 - 104*b + 85. Let x(u) = -12*u**2 - 418*u + 338. Let z(k) = -9*a(k) + 2*x(k). What are the prime factors of z(-42)?
17, 59
Let s(v) = v**2 - 44*v + 109. List the prime factors of s(93).
2, 2333
Suppose 42*c - 46*c - 2*i + 22894 = 0, -5*c - 2*i + 28615 = 0. What are the prime factors of c?
3, 1907
Suppose 3362 = 3*f + 2*c, -4*f - 2*c + 663 = -3821. Suppose -4*y - f = -3*l - 2*y, 3*y = 0. List the prime factors of l.
2, 11, 17
Let n be 1662 - (0/4 + -3). Suppose -5*d = v - 567, 3*d = 4*v - 7*v + n. List the prime factors of v.
2, 3, 23
Let b(v) = 52*v**2 - 44*v - 74. List the prime factors of b(8).
2, 1451
Suppose h - w = -2 - 4, 4*h + 2*w = -12. Let l(i) = i**3 + 7*i**2 - 4*i + 1. Let y be l(h). Let v = 133 - y. List the prime factors of v.
2, 17
Let w(p) = 2*p**3 + 7*p**2 - 11*p - 12. Let d be w(-6). List the prime factors of ((-343)/(-2))/((-9)/d*7).
7
Let l = -41 + 54. Let m(w) = 4 + 25*w + 1 + 3 + l*w. List the prime factors of m(3).
2, 61
Let h = 728 + 3148. What are the prime factors of h?
2, 3, 17, 19
Let h be (-27)/(-6) - (-3)/6. Suppose 5 = w - b - h, -3*w - 2*b = -5. Suppose w*d + 3*u = 368, -2*d + d + 71 = -2*u. What are the prime factors of d?
73
Let c be (1 - -1)*(7 - -3). Suppose -c = 4*s - 4*a, -4*s - a + 0 = -5. Suppose s = 2*f - t - 130, -2*f - t - 2*t = -122. What are the prime factors of f?
2
Let b(v) be the second derivative of -v**4/12 + 5*v**3/6 + 22*v**2 - v - 3. List the prime factors of b(0).
2, 11
Let f = 320 - 616. Let m = -658 - f. Let o = -159 - m. What are the prime factors of o?
7, 29
What are the prime factors of 17531 - (-5 + 5)/12?
47, 373
What are the prime factors of (-7 - (-300)/36)/((-1)/(-4413))?
2, 1471
Suppose -9*h = -47592 + 11286. What are the prime factors of h?
2, 2017
Let n = 4155 - -817. What are the prime factors of n?
2, 11, 113
Let l(q) = -q**3 + 4*q**2 + 25*q + 9. Let c be l(8). Let k = c - -50. Suppose -r - k*h = -46, -270 = -5*r - 4*h - 29. List the prime factors of r.
7
Let y(k) = 6*k + 3. Let w be y(1). Let i(d) = d**2 - 10*d + 12. Let s be i(w). Suppose -210 = -s*t - 0*t. List the prime factors of t.
2, 5, 7
Suppose 5*l - 9*p = -10*p - 54, 0 = l + 5*p + 30. Let y be 5/(l/54)